{"id":35,"date":"2017-10-08T20:44:24","date_gmt":"2017-10-08T20:44:24","guid":{"rendered":"http:\/\/beratung-melching.de\/?page_id=35"},"modified":"2025-07-02T13:14:01","modified_gmt":"2025-07-02T11:14:01","slug":"herzlich-willkommen","status":"publish","type":"page","link":"https:\/\/beratung-melching.de\/","title":{"rendered":""},"content":{"rendered":"<p><span style=\"color: #003366;\"><strong>HERZLICH WILLKOMMEN<\/strong><\/span><\/p>\n<p><span style=\"color: #003366;\">auf der Seite meiner systemischen und psychoonkologischen Privatpraxis und bei den Informationen \u00fcber meine Angebote und Arbeitsweise.<\/span><\/p>\n<p><span style=\"color: #003366;\">Ob Sie aus einer akuten Krise heraus nach Unterst\u00fctzung suchen,<br \/>oder weil es schon l\u00e4nger angedacht war und jetzt umgesetzt werden soll, etwas zu ver\u00e4ndern, vielleicht weil Sie an einem Wendepunkt Ihres Lebens stehen, oder auf ihn zugehen..<\/span><\/p>\n<p><span style=\"color: #003366;\">Ob Sie alleine, als Paar oder Familie jeglicher Konstellation Bedarf haben&#8230;<\/span><\/p>\n<p><span style=\"color: #003366;\">Falls Ihr Anliegen zu meinen Kompetenzen genauso passt, wie unsere &#8222;Chemie&#8220; zueinander, biete ich f\u00fcr unterschiedliche Themenfelder und Belastungen gerne meine Unterst\u00fctzung an.<\/span><\/p>\n<p><span style=\"color: #003366;\">Dabei helfe ich gerne kurzfristig bei akuten, heftigen Krisen, aber auch deren sp\u00e4terer Analyse und Nachbearbeitung. <\/span><\/p>\n<p>Nach einer schweren somatischen Diagnose oder im Umgang mit der jeweiligen Behandlung und Erkrankung begleite ich\u00a0 Patient*innen\u00a0 und\/ oder Angeh\u00f6rige je nach Bedarf und Wunsch auf Ihrem Weg f\u00fcr sich und auch im Miteinander.<\/p>\n<p><span style=\"color: #003366;\">Aktuell arbeite ich auch vermehrt\u00a0 mit einer erst im sp\u00e4ten Erwachsenenalter erkannten <\/span><span style=\"color: #003366;\">ADS\/ADHS, dem dadurch ver\u00e4ndertem Blick auf die eigene Lebensgeschichte und Psychodynamiken und unterst\u00fctze ggfs. bei der Diagnose-Verarbeitung und Entwicklung der jeweils bestm\u00f6glichen Umgehensweise. <br \/>Ich kann keine Testung und Differentialdiagnostik anbieten!<\/span><\/p>\n<p><span style=\"color: #003366;\">Als Heilpraktikerin f\u00fcr Psychotherapie mit systemischer Grundausrichtung und Psychoonkologin, mit traumatherapeutischem Hintergrundwissen, undogmatisch, einf\u00fchlsam und lebenserfahren, arbeite ich an Ihrem individuellen Auftrag und Bedarf entlang sehr flexibel, ressourcenorientiert und respektvoll Ihren W\u00fcnschen und M\u00f6glichkeiten entsprechend.<\/span><\/p>\n<p><span style=\"color: #003366;\">Gerne unterst\u00fctze ich Sie aber auch bei pers\u00f6nlichen Entwicklungsprozessen, die eine m\u00f6gliche Krise verhindern, alte Familienthemen &#8222;befrieden&#8220; oder Beziehungsdynamiken und Blockaden erkennbar machen und st\u00f6rende Muster aufl\u00f6sen sollen.\u00a0<\/span><\/p>\n<p><span style=\"color: #003366;\">Sie k\u00f6nnen nat\u00fcrlich auch ohne &#8222;akute Not&#8220; professionelle Hilfe nutzen, um sich zu entlasten, Job- oder Lebensthemen anzusehen und evtl. als belastend empfundenes Erleben oder Verhalten gemeinsam zu reflektieren und zu ver\u00e4ndern oder eine h\u00f6here Selbstakzeptanz zu entwickeln.<\/span><\/p>\n<p><span style=\"color: #003366;\">Angesichts langer Wartezeiten f\u00fcr einen Therapieplatz bei einer kassenzugelassenen Therapeut*in helfe ich ggfs. auch gerne als\u00a0 \u00dcberbr\u00fcckung, falls der Unterst\u00fctzungsbedarf akut und mein fachlicher Hintergrund daf\u00fcr passend sein kann.<\/span><\/p>\n<p><span style=\"color: #003366;\">Details zu meinen Angeboten finden Sie auf den einzelnen Seiten.<\/span><\/p>\n<p><span style=\"color: #003366;\">Passt mein Angebot grunds\u00e4tzlich f\u00fcr Sie?<\/span><\/p>\n<p><span style=\"color: #003366;\">Dann freue ich mich auf Ihre <a style=\"color: #003366;\" href=\"https:\/\/beratung-melching.de\/?page_id=79\">Kontaktaufnahme<\/a> und bespreche alles Weitere sehr gern mit Ihnen pers\u00f6nlich.<\/span><\/p>\n<p><strong><span style=\"color: #003366;\">Anke Melching<\/span><\/strong><\/p>\n<h1>\u00a0<\/h1>\n\n\n<p><\/p>\n","protected":false},"excerpt":{"rendered":"<p>HERZLICH WILLKOMMEN auf der Seite meiner systemischen und psychoonkologischen Privatpraxis und bei den Informationen \u00fcber meine Angebote und Arbeitsweise. Ob Sie aus einer akuten Krise heraus nach Unterst\u00fctzung suchen,oder weil es schon l\u00e4nger angedacht war und jetzt umgesetzt werden soll, etwas zu ver\u00e4ndern, vielleicht weil Sie an einem Wendepunkt Ihres Lebens stehen, oder auf ihn &hellip; <\/p>\n<p class=\"link-more\"><a href=\"https:\/\/beratung-melching.de\/\" class=\"more-link\"><span class=\"screen-reader-text\">\u201e\u201c <\/span>weiterlesen<\/a><\/p>\n","protected":false},"author":1,"featured_media":0,"parent":0,"menu_order":0,"comment_status":"closed","ping_status":"closed","template":"","meta":{"footnotes":""},"_links":{"self":[{"href":"https:\/\/beratung-melching.de\/index.php?rest_route=\/wp\/v2\/pages\/35"}],"collection":[{"href":"https:\/\/beratung-melching.de\/index.php?rest_route=\/wp\/v2\/pages"}],"about":[{"href":"https:\/\/beratung-melching.de\/index.php?rest_route=\/wp\/v2\/types\/page"}],"author":[{"embeddable":true,"href":"https:\/\/beratung-melching.de\/index.php?rest_route=\/wp\/v2\/users\/1"}],"replies":[{"embeddable":true,"href":"https:\/\/beratung-melching.de\/index.php?rest_route=%2Fwp%2Fv2%2Fcomments&post=35"}],"version-history":[{"count":41,"href":"https:\/\/beratung-melching.de\/index.php?rest_route=\/wp\/v2\/pages\/35\/revisions"}],"predecessor-version":[{"id":451,"href":"https:\/\/beratung-melching.de\/index.php?rest_route=\/wp\/v2\/pages\/35\/revisions\/451"}],"wp:attachment":[{"href":"https:\/\/beratung-melching.de\/index.php?rest_route=%2Fwp%2Fv2%2Fmedia&parent=35"}],"curies":[{"name":"wp","href":"https:\/\/api.w.org\/{rel}","templated":true}]}}

<p><span style="color: #003366;"><strong>HERZLICH WILLKOMMEN</strong></span></p>
<p><span style="color: #003366;">auf der Seite meiner systemischen und psychoonkologischen Privatpraxis und bei den Informationen über meine Angebote und Arbeitsweise.</span></p>
<p><span style="color: #003366;">Ob Sie aus einer akuten Krise heraus nach Unterstützung suchen,<br />oder weil es schon länger angedacht war und jetzt umgesetzt werden soll, etwas zu verändern, vielleicht weil Sie an einem Wendepunkt Ihres Lebens stehen, oder auf ihn zugehen..</span></p>
<p><span style="color: #003366;">Ob Sie alleine, als Paar oder Familie jeglicher Konstellation Bedarf haben&#8230;</span></p>
<p><span style="color: #003366;">Falls Ihr Anliegen zu meinen Kompetenzen genauso passt, wie unsere &#8222;Chemie&#8220; zueinander, biete ich für unterschiedliche Themenfelder und Belastungen gerne meine Unterstützung an.</span></p>
<p><span style="color: #003366;">Dabei helfe ich gerne kurzfristig bei akuten, heftigen Krisen, aber auch deren späterer Analyse und Nachbearbeitung. </span></p>
<p>Nach einer schweren somatischen Diagnose oder im Umgang mit der jeweiligen Behandlung und Erkrankung begleite ich  Patient*innen  und/ oder Angehörige je nach Bedarf und Wunsch auf Ihrem Weg für sich und auch im Miteinander.</p>
<p><span style="color: #003366;">Aktuell arbeite ich auch vermehrt  mit einer erst im späten Erwachsenenalter erkannten </span><span style="color: #003366;">ADS/ADHS, dem dadurch verändertem Blick auf die eigene Lebensgeschichte und Psychodynamiken und unterstütze ggfs. bei der Diagnose-Verarbeitung und Entwicklung der jeweils bestmöglichen Umgehensweise. <br />Ich kann keine Testung und Differentialdiagnostik anbieten!</span></p>
<p><span style="color: #003366;">Als Heilpraktikerin für Psychotherapie mit systemischer Grundausrichtung und Psychoonkologin, mit traumatherapeutischem Hintergrundwissen, undogmatisch, einfühlsam und lebenserfahren, arbeite ich an Ihrem individuellen Auftrag und Bedarf entlang sehr flexibel, ressourcenorientiert und respektvoll Ihren Wünschen und Möglichkeiten entsprechend.</span></p>
<p><span style="color: #003366;">Gerne unterstütze ich Sie aber auch bei persönlichen Entwicklungsprozessen, die eine mögliche Krise verhindern, alte Familienthemen &#8222;befrieden&#8220; oder Beziehungsdynamiken und Blockaden erkennbar machen und störende Muster auflösen sollen. </span></p>
<p><span style="color: #003366;">Sie können natürlich auch ohne &#8222;akute Not&#8220; professionelle Hilfe nutzen, um sich zu entlasten, Job- oder Lebensthemen anzusehen und evtl. als belastend empfundenes Erleben oder Verhalten gemeinsam zu reflektieren und zu verändern oder eine höhere Selbstakzeptanz zu entwickeln.</span></p>
<p><span style="color: #003366;">Angesichts langer Wartezeiten für einen Therapieplatz bei einer kassenzugelassenen Therapeut*in helfe ich ggfs. auch gerne als  Überbrückung, falls der Unterstützungsbedarf akut und mein fachlicher Hintergrund dafür passend sein kann.</span></p>
<p><span style="color: #003366;">Details zu meinen Angeboten finden Sie auf den einzelnen Seiten.</span></p>
<p><span style="color: #003366;">Passt mein Angebot grundsätzlich für Sie?</span></p>
<p><span style="color: #003366;">Dann freue ich mich auf Ihre <a style="color: #003366;" href="https://beratung-melching.de/?page_id=79">Kontaktaufnahme</a> und bespreche alles Weitere sehr gern mit Ihnen persönlich.</span></p>
<p><strong><span style="color: #003366;">Anke Melching</span></strong></p>
<h1> </h1>


<p></p>

<p>HERZLICH WILLKOMMEN auf der Seite meiner systemischen und psychoonkologischen Privatpraxis und bei den Informationen über meine Angebote und Arbeitsweise. Ob Sie aus einer akuten Krise heraus nach Unterstützung suchen,oder weil es schon länger angedacht war und jetzt umgesetzt werden soll, etwas zu verändern, vielleicht weil Sie an einem Wendepunkt Ihres Lebens stehen, oder auf ihn &hellip; </p>
<p class="link-more"><a href="https://beratung-melching.de/" class="more-link"><span class="screen-reader-text">„“ </span>weiterlesen</a></p>
